third derivative of -u**6/360 + u**5/60 - u**3/3 - 2*u**2. Let g(a) be the first derivative of j(a). Calculate g(-2).
-8
Let s(l) = l**2 + l + 1. Let v(p) = p**2 + 9*p - 5. Let c(r) = 2*s(r) - v(r). What is c(5)?
-3
Let c(y) = 11*y**3 + 2*y**2 + y. Suppose 3*x = 8*x + 5. What is c(x)?
-10
Let f(s) = 5*s**2 - 13*s - 13. Let g(x) = -3*x**2 - 4*x - 2. Let q be g(-2). Let t(m) = -6*m**2 + 14*m + 14. Let j(v) = q*t(v) - 7*f(v). Calculate j(-5).
-3
Let z(c) = -c. Let r(q) = 1. Let k(d) = -4*r(d) - z(d). Suppose 7 + 8 = 3*n. Determine k(n).
1
Let l(k) = -k**2 - 3*k. Suppose 4*n + 2*f = -3*f - 8, 3*f = -2*n - 4. Calculate l(n).
2
Let l(h) = h**2 - h - 1. Let r(f) = 4. Let w(m) = -2*l(m) - r(m). Suppose -i + 2 = -0*i. What is w(i)?
-6
Let v be (3/2)/(4/8). Suppose -a + 0 - 2 = v*o, 2*o = -5*a - 23. Let s(r) = 6*r + 1. Determine s(o).
7
Let g(p) = 4 - p + 5 - 4 + 2. Give g(5).
2
Let r(u) be the first derivative of u**2/2 + 2*u + 4. What is r(7)?
9
Let v(y) = 5*y**2 - 2*y + 1. Suppose -5*j - 20 = 0, 4*j = -3*q + 3*j - 1. Calculate v(q).
4
Let o(a) = -2*a. Suppose 0 = -0*f + 2*f - 4. Suppose 4*l + 2 + 0 = -5*y, 0 = -3*y - f*l. Give o(y).
-4
Suppose i - 11 = -4*n + 6, 18 = 5*n - 2*i. Let u(b) = b**2 - 5*b + 3. Determine u(n).
-1
Suppose -5*w - 25 + 0 = 0. Let a(u) = -u**2 - 5*u - 4. Give a(w).
-4
Let g(n) = -2*n**2 - 3*n + 5. Let t(h) = h**2 + 2*h - 2. Let d = 8 + -5. Let j = -2 - d. Let f(c) = j*t(c) - 2*g(c). Give f(-4).
0
Let y(v) = -v**2 + 6*v + 5. Suppose 0 = -c + 6 - 0. Calculate y(c).
5
Let k(c) = c + 3. Let f(w) = 3*w + 9. Let b(h) = 4*f(h) - 11*k(h). Give b(0).
3
Let q(g) = -g + 11. Let r be q(5). Let n(k) = k**2 - 5*k + 1. What is n(r)?
7
Let g(i) = -i**3 + i. Let x = -4 + 5. Let w be g(x). Let l(n) = -n**2 - n + 4. What is l(w)?
4
Let o(y) be the second derivative of y**8/6720 + y**7/2520 + y**6/720 - y**5/120 + 7*y**4/12 - 5*y. Let j(z) be the third derivative of o(z). Determine j(1).
2
Suppose -6*f + 3*f = -27. Suppose -u - 3 + f = 0. Let g(x) = -x + 4. Give g(u).
-2
Let v(g) = 16 + 0*g - g - 12. Give v(-5).
9
Let b(t) = -t**2 + 9*t - 13. Let g be b(6). Let o(w) = -w + 1. Let u(v) = v**2 - 6*v + 6. Let f(y) = -2*o(y) + u(y). What is f(g)?
9
Suppose -s = -6*b + 2*b - 4, 4*b = -5*s - 28. Let r(a) = a**2 + 2*a - 1. Give r(b).
-1
Let d = -13 - -17. Let f(s) = -2*s + 2. Determine f(d).
-6
Let x(l) = -l**3 + 3*l**2 + 2*l + 1. Suppose -2 = -2*d + 2. Suppose -3*s - 1 = -m, -d*s + m + 0 = 1. Let r = 4 + s. Determine x(r).
-7
Let h(j) = j + 6. Let a be 0/(3 + (-4 - -2)). Determine h(a).
6
Let y(d) = d**3 - 6*d**2 - 9*d + 8. Let h be y(7). Let o(z) = z**3 + 6*z**2 + z - 8. Calculate o(h).
-14
Let k(s) be the third derivative of -s**4/6 + 3*s**3/2 + s**2. Let x(i) = 5*i - 10. Let m(f) = -6*k(f) - 5*x(f). Give m(0).
-4
Let q(r) = r**3 + r**2 + 3. Let b(n) = n**3 + n**2 + 4. Let p(t) = 5*b(t) - 4*q(t). Let o(v) = 4*v - 12. Let s be o(3). Calculate p(s).
8
Let o(y) be the third derivative of y**5/60 - 7*y**4/24 - 5*y**3/6 - 2*y**2. Give o(6).
-11
Let a(x) = -x**2 - 4 - 5*x + 6*x**2 + 12*x - 4*x**2. Calculate a(-7).
-4
Let n(s) = -2*s. Let d be n(1). Let w(h) = -h**2 + 3*h + 2. Give w(d).
-8
Let k(q) = 8*q**3 + q**2 - q - 1. Let h be (-4 - -1) + 16/4. Suppose 2*o + 20 = 4*d, -19 = -3*d + 3*o - h. Suppose -d + 5 = -x. Give k(x).
-7
Suppose 0 = 2*y - 2*f + 4*f - 8, 0 = 3*y + 5*f - 20. Suppose -v - 3*m = -6*v, y = 4*v - m + 7. Let i(z) = z + 1. Determine i(v).
-2
Suppose 14 = -0*a - a. Let h be (-148)/28 - 4/a. Let c = 0 - h. Let b(r) = -r**3 + 5*r**2 + 3*r - 5. What is b(c)?
10
Let x(n) be the third derivative of -n**6/360 - n**5/30 - n**4/24 - n**3/2 + 4*n**2. Let f(u) be the first derivative of x(u). Let j = -1 - 1. What is f(j)?
3
Let k(y) = 2*y - 2. Suppose d + 0*o = -5*o + 29, 4*d + 4*o = 52. Suppose 0 = 3*x - 0*x + d. Determine k(x).
-8
Let p = 2 - 1. Let a(i) = -3*i + 3*i**2 + i**3 + 1 - 3 + p. Let g(x) = -x**2 - 2*x - 3. Let l be g(0). Determine a(l).
8
Let j(p) = 3*p**2 - 10*p - 4. Let c be j(4). Let m(q) = q**2 - 6*q + 6. Calculate m(c).
-2
Suppose 3 = x, o + 4*x - 5 = 3. Let z(m) = 5*m**2 + 8*m - 1. Let h(v) = -11*v**2 - 17*v + 3. Let p(t) = 4*h(t) + 9*z(t). Determine p(o).
3
Let z(h) be the second derivative of -h**3/2 + 11*h**2/2 - 2*h. Let k(c) = c - 5. Let g(u) = 5*k(u) + 2*z(u). Let x = -14 + 9. Determine g(x).
2
Let b(q) = 6*q**2 - 1 + 8 - 7*q**2 - 5*q. Give b(-5).
7
Let y(i) = i**3 - 4*i**2 + 2*i + 1. Let j(q) = -2*q + 5. Let k be j(4). Let t be -2*(-1)/(k/(-3)). Calculate y(t).
-3
Let h(z) = -z**2 - z - 7. Let b(q) = 2*q**2 + 2*q + 15. Let k(x) = 3*b(x) + 7*h(x). Let p be (-2 + 3 - (-5 - -9)) + 0. Give k(p).
-10
Let w(t) = 2*t**2 + 6*t - 3*t**2 - 12 - 13*t + 6. Give w(-4).
6
Suppose -6*h + 2 = -5*h. Suppose -h*x - 2 = -0*x. Let a(z) = -2*z**2 - 2*z**2 + 7*z**2 + 2*z + 1. Give a(x).
2
Let b = 10 - 6. Suppose 0 = m - b. Suppose p + m*h - 16 = -h, -p - 24 = -5*h. Let f(i) = i + 5. Calculate f(p).
1
Suppose x - 8 = -3*x. Let f(w) be the first derivative of w**3/3 - 7. Give f(x).
4
Let d(f) = -f**2 - 5*f - 4. Let n be d(-4). Let q = 3 + n. Let c(o) = 0*o - q - o - o. Determine c(-4).
5
Let c be 54/16 - 24/64. Let a(z) = 14*z**2 + 35*z - 23. Let h(l) = 5*l**2 + 12*l - 8. Let f(w) = -6*a(w) + 17*h(w). Determine f(c).
-7
Let m(v) = -v + 1. Suppose -26 = 4*y - 5*y. Let z be (-8)/12 - y/6. What is m(z)?
6
Let y(n) = n**2 + 3*n - 1. Let m be y(-4). Let f(h) = -h + 5. Calculate f(m).
2
Let s(x) = -x**3 + 3*x + 3. Let n be s(-2). Suppose -4*w - 13 = 5*c, -5*c = -2*c - n*w - 7. Let k(j) = -9*j - 1. Give k(c).
8
Let l(m) = 2*m**2 + 7*m + 4. Suppose 0 = -5*a + 5*r + 180, -4*a = -3*r - 2*r - 147. Suppose -5*z + 13 = a. Determine l(z).
8
Let a(g) = -2*g - 2. Let k be (4/8 + 0)*2. Let l = k - 4. What is a(l)?
4
Let y(i) = 2*i**2 - 4*i + 3. Let d(r) = -2 + 2 + 1. Let p(g) = 2*d(g) - y(g). Let n(u) = -u + 8. Let f be n(5). Calculate p(f).
-7
Let o(q) = -15*q - 1. Suppose 0*d + 80 = -5*d. Let l = d - -15. Give o(l).
14
Let v(u) = -u**2 + u - 1. Let j be v(1). Let a = 3 - j. Let t(f) = f**2 - 5*f - 4. Determine t(a).
-8
Let w(p) = -3*p**2 + 16*p + 7. Let r(t) = -2*t**2 + 8*t + 3. Let n(j) = 5*r(j) - 3*w(j). What is n(-4)?
10
Let c(o) be the first derivative of o**4/4 - 2*o**3/3 - 5*o**2/2 - 2*o - 6. Determine c(4).
10
Let m(g) = -7*g**3 + 8*g**2 + 8*g - 3. Let b(p) = 6*p**3 - 7*p**2 - 7*p + 2. Let x = 18 + -12. Let v(i) = x*b(i) + 5*m(i). Give v(3).
0
Let w(x) = -x + 1. Let i = -37 + 37. Calculate w(i).
1
Let l be 4/(-3)*(-45)/10. Let u(r) = -4*r**2 - 2*r + 4*r**2 + 1 - 2 - l*r**3. Give u(-1).
7
Let b(o) = -2*o + 2. Let j = -4 - -5. Suppose -4*u - j = -9. Suppose -u = -r - 0. Calculate b(r).
-2
Let o(a) be the third derivative of a**5/30 - a**4/6 - a**3/6 + 5*a**2. Let i be 4/2*9/6. What is o(i)?
5
Let d(o) = -4*o**2 + 3 - 2*o + 3*o**2 + 2*o**2. Calculate d(2).
3
Let k(t) = 5*t - 3. Let y be (-32)/(-24) + 4/6. Determine k(y).
7
Let m(h) be the third derivative of -h**4/6 - 2*h**3/3 + 90*h**2. Let f be -1*(-2 + 0)*-2. Calculate m(f).
12
Let w(a) = -4 - 2*a + 0*a - 2*a - a**2. Let r(k) = -6*k**2 - 20*k - 20. Let q(u) = 2*r(u) - 11*w(u). Determine q(4).
4
Let t = -5 + 10. Let u = t - 2. Let b(l) = l - 1. Give b(u).
2
Suppose -4*z - 1 = -9. Let n(m) be the second derivative of -m**5/20 + m**4/12 + 2*m**3/3 - 3*m**2/2 + 26*m. What is n(z)?
1
Let d(w) = w**3 - 2*w**2 + w - 1. Let x be 35/(-4) - 2/8. Let p be x + 2 + 1 + 1. Let n be (p + 2)/(-1) + -1. Calculate d(n).
1
Let h = 3 - 8. Let g(d) be the second derivative of d**4/4 - 17*d**3/6 - d**2/2 - 7*d. Let s(p) = 2*p**2 - 9*p - 1. Let t(n) = h*s(n) + 3*g(n). Give t(-5).
7
Let x(m) = 6*m + 1 + m**2 + 3 + 1 - 2. Suppose -2*g + 11 - 4 = -3*b, -5*b - 33 = 2*g. Give x(g).
-5
Let c(k) = -1. Let y(u) = 2*u - 1. Suppose -2*o - 3 = -5*o. Let q(h) = o*y(h) + 6*c(h). Suppose 4*b - 3*x - 18 = -x, 11 = 2*b + x. What is q(b)?
3
Let q(m) = -7*m**3 + 6*m**2 + 16*m - 1. Let c(v) = v**3 - v - 1. Let p(z) = 6*c(z) + q(z). Calculate p(7).
14
Suppose 3 - 11 = 4*l. Let o(j) = 3*j**2 - 3*j - j**2 - 3*j**2. Give o(l).
2
Let p be (-2)/7 - (-9)/7. Let c(u) = 2*u**2 - 5*u - 1. Let o be c(4). Let t(g) = -6 + o - 5 - g. What is t(p)?
-1
Let y(t) = 3*t + 5. Let u = -12 - -8. Let j(r) = r**2 + 4*r - 6. Let p be j(-5). Let x = u + p. Give y(x).
-